ded by 33690?
1297
Calculate the remainder when 25844 is divided by 257.
144
Calculate the remainder when 30057540 is divided by 37.
35
What is the remainder when 190995556 is divided by 19?
13
What is the remainder when 112273008 is divided by 160390?
8
What is the remainder when 56858 is divided by 2350?
458
What is the remainder when 339018 is divided by 13031?
212
Calculate the remainder when 115642 is divided by 278.
272
Calculate the remainder when 1896842 is divided by 4391.
4321
What is the remainder when 2650022 is divided by 956?
946
What is the remainder when 66474 is divided by 156?
18
What is the remainder when 5378 is divided by 295?
68
Calculate the remainder when 170023 is divided by 160.
103
What is the remainder when 69880978 is divided by 2337?
4
Calculate the remainder when 203728 is divided by 1728.
1552
What is the remainder when 746683 is divided by 1881?
1807
What is the remainder when 401989 is divided by 133816?
541
Calculate the remainder when 4378297 is divided by 54.
31
Calculate the remainder when 1838010 is divided by 240.
90
Calculate the remainder when 14236 is divided by 406.
26
Calculate the remainder when 68094 is divided by 9626.
712
What is the remainder when 184040 is divided by 14111?
597
What is the remainder when 382 is divided by 254?
128
What is the remainder when 7501635 is divided by 24?
3
What is the remainder when 13525489 is divided by 508?
497
What is the remainder when 764053 is divided by 4044?
3781
What is the remainder when 25930588 is divided by 105?
103
What is the remainder when 5363744 is divided by 57061?
10
What is the remainder when 1169473 is divided by 292359?
37
Calculate the remainder when 5500431 is divided by 148659.
48
What is the remainder when 3664140 is divided by 1221378?
6
What is the remainder when 12322518 is divided by 232498?
124
What is the remainder when 22554 is divided by 376?
370
What is the remainder when 857460 is divided by 147?
9
What is the remainder when 1059199 is divided by 88266?
7
What is the remainder when 19953002 is divided by 453477?
14
Calculate the remainder when 52261 is divided by 214.
45
Calculate the remainder when 437686 is divided by 109379.
170
What is the remainder when 1167186 is divided by 388998?
192
What is the remainder when 146013 is divided by 145959?
54
Calculate the remainder when 107415967 is divided by 352.
351
What is the remainder when 54185803 is divided by 926?
913
What is the remainder when 117317 is divided by 334?
83
Calculate the remainder when 139381 is divided by 1202.
1151
What is the remainder when 222831451 is divided by 755?
751
Calculate the remainder when 878298 is divided by 292499.
801
Calculate the remainder when 584892 is divided by 292387.
118
Calculate the remainder when 8667037 is divided by 2166715.
177
Calculate the remainder when 17666 is divided by 589.
585
Calculate the remainder when 66994 is divided by 6691.
84
Calculate the remainder when 670558 is divided by 1769.
107
What is the remainder when 6127905 is divided by 6127886?
19
What is the remainder when 55116468 is divided by 24518?
4
Calculate the remainder when 299301 is divided by 67.
12
What is the remainder when 2043452 is divided by 94?
80
What is the remainder when 1529716 is divided by 327?
10
Calculate the remainder when 1175753 is divided by 65306.
245
What is the remainder when 16423709 is divided by 670?
669
What is the remainder when 51871203 is divided by 1682?
5
Calculate the remainder when 135162586 is divided by 258.
256
Calculate the remainder when 412253 is divided by 4122.
53
What is the remainder when 19099 is divided by 415?
9
Calculate the remainder when 29390787 is divided by 390.
387
Calculate the remainder when 84522 is divided by 717.
633
What is the remainder when 11544030 is divided by 1189?
29
Calculate the remainder when 596105 is divided by 99345.
35
Calculate the remainder when 2968 is divided by 710.
128
Calculate the remainder when 351451 is divided by 117142.
25
Calculate the remainder when 3456754 is divided by 1145.
1144
Calculate the remainder when 24764554 is divided by 419.
397
What is the remainder when 4864789 is divided by 972955?
14
Calculate the remainder when 31478084 is divided by 541.
540
What is the remainder when 11407104 is divided by 2281419?
9
Calculate the remainder when 388671 is divided by 510.
51
What is the remainder when 1806773 is divided by 3592?
3589
Calculate the remainder when 68700 is divided by 264.
60
What is the remainder when 19789 is divided by 1761?
418
Calculate the remainder when 12990 is divided by 353.
282
What is the remainder when 36441749 is divided by 1518405?
29
Calculate the remainder when 2140139 is divided by 2241.
2225
Calculate the remainder when 6381326 is divided by 895.
871
What is the remainder when 27393 is divided by 6530?
1273
What is the remainder when 5514890 is divided by 437?
387
Calculate the remainder when 298749 is divided by 7301.
6709
What is the remainder when 134667 is divided by 4314?
933
Calculate the remainder when 32344 is divided by 3952.
728
What is the remainder when 9402608 is divided by 2816?
2800
Calculate the remainder when 25817879 is divided by 165.
164
What is the remainder when 3038305 is divided by 1395?
1390
What is the remainder when 33409 is divided by 31?
22
What is the remainder when 2011168 is divided by 105?
103
Calculate the remainder when 16924558 is divided by 75556.
14
Calculate the remainder when 12480045 is divided by 12.
9
What is the remainder when 68363 is divided by 10?
3
What is the remainder when 21924 is divided by 83?
12
Calculate the remainder when 229248 is divided by 691.
527
Calculate the remainder when 325670 is divided by 1072.
854
What is the remainder when 24478 is divided by 6041?
314
What is the remainder when 85801293 is divided by 51378?
33
What is the remainder when 232097 is divided by 77134?
695
What is the remainder when 4561037 is divided by 2280517?
3
What is the remainder when 4974632 is divided by 6329?
38
Calculate the remainder when 59699753 is divided by 11.
3
What is the remainder when 1307093 is divided by 9?
5
Calculate the remainder when 4703794 is divided by 1964.
14
What is the remainder when 2164916 is divided by 1553?
34
Calculate the remainder when 464062 is divided by 360.
22
Calculate the remainder when 2952329 is divided by 737920.
649
Calculate the remainder when 7679420 is divided by 404176.
76
What is the remainder when 17978295 is divided by 1079?
1076
What is the remainder when 24079435 is divided by 120?
115
What is the remainder when 9452045 is divided by 278001?
11
What is the remainder when 10003552 is divided by 1132?
68
What is the remainder when 2386447 is divided by 852?
847
What is the remainder when 14937351 is divided by 67?
36
What is the remainder when 2670696 is divided by 267069?
6
Calculate the remainder when 15897418 is divided by 252.
250
Calculate the remainder when 240349 is divided by 354.
337
What is the remainder when 13476976 is divided by 1379?
9
What is the remainder when 4896092 is divided by 226?
28
Calculate the remainder when 93152 is divided by 11411.
1864
What is the remainder when 5995452 is divided by 499619?
24
Calculate the remainder when 416880 is divided by 4737.
24
Calculate the remainder when 17841072 is divided by 15541.
4
Calculate the remainder when 3409957 is divided by 6.
1
What is the remainder when 14780879 is divided by 4926921?
116
Calculate the remainder when 180164 is divided by 628.
556
Calculate the remainder when 1209283 is divided by 172753.
12
What is the remainder when 26899 is divided by 3334?
227
What is the remainder when 12463648 is divided by 389489?
0
Calculate the remainder when 273676 is divided by 26208.
11596
What is the remainder when 34912405 is divided by 514?
497
Calculate the remainder when 20793037 is divided by 2051.
2050
Calculate the remainder when 67664091 is divided by 44.
11
What is the remainder when 15532788 is divided by 35?
33
What is the remainder when 21314633 is divided by 2331?
2300
What is the remainder when 16010 is divided by 5322?
44
What is the remainder when 243005 is divided by 5305?
4280
What is the remainder when 11941 is divided by 10877?
1064
Calculate the remainder w